
Is 413 a factor of 8957144?
True
Is 15940 a multiple of 28?
False
Does 109 divide 584894?
True
Is 11 a factor of 6491431?
False
Does 60 divide 12758400?
True
Does 12 divide 35860?
False
Is 7573930 a multiple of 26?
True
Is 58 a factor of 53835?
False
Does 15 divide 428400?
True
Is 20 a factor of 193740?
True
Does 84 divide 31164?
True
Does 32 divide 3766528?
True
Is 25391 a multiple of 4?
False
Is 10 a factor of 195470?
True
Is 4619584 a multiple of 262?
True
Does 785 divide 4470575?
True
Does 1081 divide 1996128?
False
Is 34 a factor of 99996?
False
Is 8 a factor of 183768?
True
Does 16 divide 1502575?
False
Does 19 divide 3667?
True
Is 290486 a multiple of 117?
False
Is 3991900 a multiple of 1045?
True
Is 133 a factor of 101737?
False
Is 6458610 a multiple of 456?
False
Is 240 a factor of 5824080?
True
Is 242614 a multiple of 14?
False
Does 19 divide 2338824?
True
Does 17 divide 529159?
True
Does 6 divide 26650?
False
Is 18 a factor of 1400472?
True
Is 570 a factor of 146547?
False
Is 392 a factor of 373573?
False
Is 1288261 a multiple of 7?
False
Does 63 divide 75348?
True
Does 161 divide 154675?
False
Is 84 a factor of 172357?
False
Is 67024 a multiple of 16?
True
Does 14 divide 117858?
False
Is 96143 a multiple of 617?
False
Does 103 divide 3165705?
True
Does 87 divide 1572084?
False
Does 133 divide 229558?
True
Does 99 divide 3329661?
False
Is 447 a factor of 6523954?
False
Is 79 a factor of 2035909?
True
Is 5216720 a multiple of 20?
True
Is 507644 a multiple of 2?
True
Does 3 divide 78154?
False
Is 451996 a multiple of 199?
False
Does 83 divide 20189?
False
Is 1714102 a multiple of 35?
False
Is 24 a factor of 14904?
True
Is 353 a factor of 331167?
False
Is 1108217 a multiple of 56?
False
Is 7 a factor of 227339?
True
Is 81 a factor of 79947?
True
Is 349327 a multiple of 121?
True
Is 606951 a multiple of 9?
True
Is 11 a factor of 10844693?
False
Does 41 divide 884616?
True
Does 118 divide 4694618?
False
Does 6 divide 1306872?
True
Is 145 a factor of 12368759?
False
Is 436817 a multiple of 16?
False
Does 15 divide 4735290?
True
Is 49 a factor of 37044?
True
Is 431183 a multiple of 51?
False
Is 13950 a multiple of 27?
False
Does 259 divide 135236?
False
Does 24 divide 678528?
True
Is 181 a factor of 421770?
False
Does 68 divide 32436?
True
Is 1996368 a multiple of 48?
True
Does 326 divide 1847116?
True
Is 79704 a multiple of 108?
True
Does 153 divide 768960?
False
Is 488589 a multiple of 291?
True
Does 4 divide 111279?
False
Is 126648 a multiple of 72?
True
Is 3056602 a multiple of 7?
False
Is 3745857 a multiple of 1656?
False
Does 68 divide 38228?
False
Is 5 a factor of 104380?
True
Does 90 divide 14130?
True
Is 33 a factor of 123321?
True
Does 1264 divide 8346192?
True
Is 12 a factor of 5866098?
False
Is 11 a factor of 103983?
True
Is 275522 a multiple of 13?
True
Is 6651096 a multiple of 16?
False
Is 6457581 a multiple of 79?
False
Does 16 divide 5569491?
False
Is 63 a factor of 66758?
False
Is 13 a factor of 105394?
False
Is 57 a factor of 590060?
False
Is 12 a factor of 4948572?
True
Is 13383936 a multiple of 36?
True
Is 8798 a multiple of 4?
False
Is 15 a factor of 95895?
True
Does 14 divide 550046?
True
Is 29 a factor of 564485?
True
Is 35072 a multiple of 274?
True
Is 26579 a multiple of 18?
False
Is 15 a factor of 798270?
True
Does 26 divide 22568?
True
Is 847003 a multiple of 4?
False
Is 296033 a multiple of 211?
True
Does 10 divide 1182030?
True
Is 53 a factor of 415783?
False
Is 3 a factor of 56199?
True
Does 198 divide 27910?
False
Does 177 divide 131242?
False
Is 264293 a multiple of 23?
True
Is 84735 a multiple of 2?
False
Is 194 a factor of 341088?
False
Does 14 divide 317618?
True
Does 6 divide 2177800?
False
Does 511 divide 223307?
True
Is 2475791 a multiple of 76?
False
Is 41979 a multiple of 13?
False
Is 22 a factor of 12169521?
False
Does 295 divide 6328555?
False
Is 238 a factor of 348909?
False
Is 3214458 a multiple of 494?
True
Does 7 divide 2030?
True
Is 77148 a multiple of 36?
True
Is 4 a factor of 872688?
True
Is 25500 a multiple of 34?
True
Does 69 divide 67827?
True
Does 28 divide 44665?
False
Does 10 divide 105951?
False
Does 20 divide 34297?
False
Is 16061385 a multiple of 795?
True
Is 8 a factor of 50904?
True
Does 24 divide 114216?
True
Is 1647308 a multiple of 58?
False
Is 20 a factor of 260060?
True
Does 176 divide 581811?
False
Is 60 a factor of 546993?
False
Is 36 a factor of 160852?
False
Is 148 a factor of 2681316?
True
Is 544440 a multiple of 52?
True
Is 124 a factor of 2219972?
True
Does 343 divide 194824?
True
Does 86 divide 345032?
True
Is 734 a factor of 12585161?
False
Is 14 a factor of 72842?
True
Does 6 divide 6140601?
False
Is 46 a factor of 313674?
True
Is 4 a factor of 13016?
True
Is 198139 a multiple of 2?
False
Is 212277 a multiple of 13?
True
Is 16 a factor of 197008?
True
Is 989 a factor of 20397382?
False
Does 144 divide 620352?
True
Does 13 divide 255460?
False
Does 14 divide 182126?
True
Is 8 a factor of 39799?
False
Is 668 a factor of 506344?
True
Is 6 a factor of 39378?
True
Is 6 a factor of 904160?
False
Does 3 divide 49076?
False
Does 145 divide 15147071?
False
Is 42890 a multiple of 5?
True
Is 92214 a multiple of 4?
False
Does 64 divide 532608?
True
Does 137 divide 3803668?
True
Is 34 a factor of 863702?
True
Is 16015205 a multiple of 457?
False
Does 1273 divide 2562549?
True
Does 72 divide 9189?
False
Is 389 a factor of 23192?
False
Is 237446 a multiple of 473?
True
Does 23 divide 1038703?
True
Does 105 divide 227767?
False
Is 3567354 a multiple of 21?
True
Is 32 a factor of 91552?
True
Is 246 a factor of 189174?
True
Is 12 a factor of 236355?
False
Does 11 divide 9152?
True
Is 7 a factor of 778635?
False
Is 236654 a multiple of 255?
False
Is 209 a factor of 64372?
True
Is 138355 a multiple of 469?
True
Is 12018986 a multiple of 20?
False
Does 9 divide 24305?
False
Does 365 divide 22242?
False
Does 109 divide 1725906?
True
Does 66 divide 143022?
True
Is 1416 a factor of 5629908?
False
Is 350978 a multiple of 18?
False
Is 70 a factor of 46311?
False
Is 313291 a multiple of 102?
False
Does 15 divide 256931?
False
Does 93 divide 83208?
False
Is 119089 a multiple of 10?
False
Is 253 a factor of 1017297?
False
Is 1711004 a multiple of 4?
True
Is 30 a factor of 3157146?
False
Does 396 divide 1878680?
False
Is 30 a factor of 107850?
True
Is 4898 a multiple of 33?
False
Is 237300 a multiple of 300?
True
Is 7726742 a multiple of 487?
True
Is 124 a factor of 673827?
False
Is 644 a factor of 1466258?
False
Is 18 a factor of 3535506?
True
Is 25 a factor of 376325?
True
Is 220 a factor of 29700?
True
Does 438 divide 116911?
False
Is 212265 a multiple of 9?
True
Is 31 a factor of 6619802?
True
Is 256 a factor of 174080?
True
Does 23 divide 319447?
True
Is 11 a factor of 1607500?
False
Does 15 divide 1462215?
True
Is 720995 a multiple of 20?
False
Does 15 divide 554529?
False
Does 136 divide 44255?
False
Is 5073803 a multiple of 331?
False
Is 59190 a multiple of 203?
False
Is 214859 a multiple of 14?
False
Does 57 divide 1534720?
False
Does 15 divide 141885?
True
Does 13 divide 15527525?
True
Does 53 divide 2660807?
False
Does 150 divide 11809?
False
Is 722736 a multiple of 28?
True
Is 14 a factor of 1110172?
True
Is 32 a factor of 3132379?
False
Does 24 divide 377448?
True
Does 7 divide 1384614?
True
Does 1085 divide 2014146?
False
Does 147 divide 1238038?
False
Is 53048 a multiple of 8?
True
Does 80 divide 1103200?
True
Is 52 a factor of 366132?
True
Does 5 divide 4018941?
False
Is 397872 a multiple of 16?
True
Does 26 divide 10543144?
False
Is 821100 a multiple of 120?
False
Is 13454 a multiple of 18?
False
Is 6 a factor of 591644?
False
Is 3294 a multiple of 12?
False
Does 66 divide 469324?
False
Is 373 a factor of 1636631?
False
Is 12857 even?
False
Is 27 a factor of 840564?
True
Does 662 divide 448836?
True
Is 6215215 a multiple of 241?
False
Is 328167 a multiple of 77?
False
Does 99 divide 37026?
True
Does 27 divide 713754?
False
Is 172 a factor of 7169636?
False
Is 498825 a multiple of 68?
False
Is 250 a factor of 5162916?
False
Does 594 divide 824931?
False
Does 39 divide 139502?
False
Is 258295 a multiple of 6?
False
Is 305 a factor of 65501?
False
Is 323618 a multiple of 86?
